{"id":3,"date":"2020-08-19T20:26:22","date_gmt":"2020-08-19T20:26:22","guid":{"rendered":"http:\/\/skupfigurek.pl\/?page_id=3"},"modified":"2026-03-27T14:27:38","modified_gmt":"2026-03-27T14:27:38","slug":"sprzedam-figurki-wladca-pierscieni","status":"publish","type":"page","link":"https:\/\/skupfigurek.pl\/index.php\/sprzedam-figurki-wladca-pierscieni\/","title":{"rendered":"Polityka prywatno\u015bci"},"content":{"rendered":"\t\t<div data-elementor-type=\"wp-page\" data-elementor-id=\"3\" class=\"elementor elementor-3\" data-elementor-post-type=\"page\">\n\t\t\t\t\t\t<section class=\"elementor-section elementor-top-section elementor-element elementor-element-296094c elementor-section-boxed elementor-section-height-default elementor-section-height-default\" data-id=\"296094c\" data-element_type=\"section\" data-e-type=\"section\">\n\t\t\t\t\t\t<div class=\"elementor-container elementor-column-gap-default\">\n\t\t\t\t\t<div class=\"elementor-column elementor-col-100 elementor-top-column elementor-element elementor-element-8254876\" data-id=\"8254876\" data-element_type=\"column\" data-e-type=\"column\">\n\t\t\t<div class=\"elementor-widget-wrap elementor-element-populated\">\n\t\t\t\t\t\t<div class=\"elementor-element elementor-element-a4c41b6 elementor-widget elementor-widget-heading\" data-id=\"a4c41b6\" data-element_type=\"widget\" data-e-type=\"widget\" data-widget_type=\"heading.default\">\n\t\t\t\t<div class=\"elementor-widget-container\">\n\t\t\t\t\t<h2 class=\"elementor-heading-title elementor-size-xl\">Polityka Prywtno\u015bci<\/h2>\t\t\t\t<\/div>\n\t\t\t\t<\/div>\n\t\t\t\t<div class=\"elementor-element elementor-element-b719c86 elementor-widget elementor-widget-text-editor\" data-id=\"b719c86\" data-element_type=\"widget\" data-e-type=\"widget\" data-widget_type=\"text-editor.default\">\n\t\t\t\t<div class=\"elementor-widget-container\">\n\t\t\t\t\t\t\t\t\t<p>Polityka prywatno\u015bci serwisu <a href=\"https:\/\/www.skupfigurek.pl\">www.skupfigurek.pl<\/a><\/p><p>Niniejsza Polityka Prywatno\u015bci okre\u015bla zasady przetwarzania i ochrony danych osobowych przekazanych przez U\u017cytkownik\u00f3w w zwi\u0105zku z korzystaniem przez nich z us\u0142ug skupu figurek i akcesori\u00f3w modelarskich poprzez serwis internetowy.<\/p><p>2. Administratorem danych osobowych zawartych w serwisie jest<\/p><p>Firma \u201eKreatorium\u201d z siedzib\u0105 w Warszawie, nip: 521 412 14 07. W trosce o bezpiecze\u0144stwo powierzonych nam danych opracowali\u015bmy wewn\u0119trzne procedury i zalecenia, kt\u00f3re maj\u0105 zapobiec udost\u0119pnieniu danych osobom nieupowa\u017cnionym. Kontrolujemy ich wykonywanie i stale sprawdzamy ich zgodno\u015b\u0107 z odpowiednimi aktami prawnymi &#8211; ustaw\u0105 o ochronie danych osobowych, ustaw\u0105 o \u015bwiadczeniu us\u0142ug drog\u0105 elektroniczn\u0105, a tak\u017ce wszelkiego rodzaju aktach wykonawczych i aktach prawa wsp\u00f3lnotowego.<\/p><p>4. Dane Osobowe przetwarzane s\u0105 na podstawie zgody wyra\u017canej przez U\u017cytkownika oraz w przypadkach, w kt\u00f3rych przepisy prawa upowa\u017cniaj\u0105 Administratora do przetwarzania danych osobowych na podstawie przepis\u00f3w prawa lub w celu realizacji zawartej pomi\u0119dzy stronami umowy.<\/p><p>5. Serwis realizuje funkcje pozyskiwania informacji o u\u017cytkownikach i ich zachowaniach w nast\u0119puj\u0105cy spos\u00f3b:<\/p><p>a)\u00a0\u00a0\u00a0\u00a0 poprzez dobrowolnie wprowadzone w formularzach informacje<\/p><p>b)\u00a0\u00a0\u00a0\u00a0 poprzez gromadzenie plik\u00f3w \u201ccookies\u201d [patrz polityka plik\u00f3w \u201ccookies\u201d].<\/p><p>6. Serwis zbiera informacje dobrowolnie podane przez u\u017cytkownika.<\/p><p>7. dane podane w formularzu s\u0105 przetwarzane w celu wynikaj\u0105cym z funkcji konkretnego formularza np. w celu dokonania procesu obs\u0142ugi kontaktu informacyjnego lub sprzeda\u017cowego<\/p><p>8. Dane osobowe pozostawione w serwisie nie zostan\u0105 sprzedane ani udost\u0119pnione osobom trzecim, zgodnie z przepisami Ustawy o ochronie danych osobowych.<\/p><p>9. Serwis zastrzega sobie mo\u017cliwo\u015b\u0107 do u\u017cytkowania danych kontaktowych w celu komunikacji handlowej i reklamowej. Je\u015bli u\u017cytkownik nie zgadza si\u0119 na otrzymywanie informacji handlowej lub reklamowej, wystarczy \u017ce poinformuje o tym mailowo na adres:<a href=\"mailto:skupfigurek@gmail.com\"> skupfigurek@gmail.com<\/a> zarz\u0105dc\u0119 serwisu.<\/p><p>10. Do danych zawartych w formularzu przys\u0142uguje wgl\u0105d osobie fizycznej, kt\u00f3ra je tam umie\u015bci\u0142a. Osoba ta ma r\u00f3wnie\u017c praw do modyfikacji i zaprzestania przetwarzania swoich danych w dowolnym momencie.<\/p><p>11. Zastrzegamy sobie prawo do zmiany w polityce ochrony prywatno\u015bci serwisu, na kt\u00f3re mo\u017ce wp\u0142yn\u0105\u0107 rozw\u00f3j technologii internetowej, ewentualne zmiany prawa w zakresie ochrony danych osobowych oraz rozw\u00f3j naszego serwisu internetowego. O wszelkich zmianach b\u0119dziemy informowa\u0107 w spos\u00f3b widoczny i zrozumia\u0142y.<\/p><p>12. W Serwisie mog\u0105 pojawia\u0107 si\u0119 linki do innych stron internetowych. Takie strony internetowe dzia\u0142aj\u0105 niezale\u017cnie od Serwisu i nie s\u0105 w \u017caden spos\u00f3b nadzorowane przez serwis www.skupfigurek.pl. Strony te mog\u0105 posiada\u0107 w\u0142asne polityki dotycz\u0105ce prywatno\u015bci oraz regulaminy, z kt\u00f3rymi zalecamy si\u0119 zapozna\u0107.<\/p><p style=\"box-sizing: inherit; font-size: 15px; font-style: normal; font-weight: 400; margin-right: auto; margin-left: auto; max-width: 1920px; color: #3a3a3a; font-family: Arial, Helvetica, Verdana, sans-serif;\"><span style=\"box-sizing: inherit; font-weight: bold;\">13. Pliki cookies<\/span><\/p><p style=\"box-sizing: inherit; font-size: 15px; font-style: normal; font-weight: 400; margin-right: auto; margin-left: auto; max-width: 1920px; color: #3a3a3a; font-family: Arial, Helvetica, Verdana, sans-serif;\">Skup wykorzystuje cookies:<\/p><ul style=\"font-size: 15px; font-style: normal; font-weight: 400; margin-right: auto; margin-left: auto; max-width: 1920px; color: #3a3a3a; font-family: Arial, Helvetica, Verdana, sans-serif;\"><li style=\"box-sizing: inherit; font-size: 15px;\"><span style=\"box-sizing: inherit; font-weight: bold;\">niezb\u0119dne<\/span>\u00a0(np. do dzia\u0142ania serwisu),<\/li><li style=\"box-sizing: inherit; font-size: 15px;\"><span style=\"box-sizing: inherit; font-weight: bold;\">analityczne<\/span>\u00a0(Google Analytics \u2013 anonimowa analiza ruchu),<\/li><li style=\"box-sizing: inherit; font-size: 15px;\"><span style=\"box-sizing: inherit; font-weight: bold;\">marketingowe<\/span>\u00a0(np. Meta Pixel \u2013 analiza zachowa\u0144 u\u017cytkownik\u00f3w).<\/li><\/ul><p style=\"box-sizing: inherit; font-size: 15px; font-style: normal; font-weight: 400; margin-right: auto; margin-left: auto; max-width: 1920px; color: #3a3a3a; font-family: Arial, Helvetica, Verdana, sans-serif;\">Cookies analityczne i marketingowe s\u0105 stosowane wy\u0142\u0105cznie po uzyskaniu zgody u\u017cytkownika (art. 6 ust. 1 lit. a RODO).<br style=\"box-sizing: inherit;\" \/>Zgoda mo\u017ce by\u0107 wycofana w dowolnym momencie.<\/p><hr style=\"box-sizing: content-box; border-style: solid none none; font-size: 15px; font-style: normal; font-weight: 400; height: 0px; max-width: 100px; font-family: Arial, Helvetica, Verdana, sans-serif; border-width: 2px initial initial initial;\" \/><p style=\"box-sizing: inherit; font-size: 15px; font-style: normal; font-weight: 400; margin-right: auto; margin-left: auto; max-width: 1920px; color: #3a3a3a; font-family: Arial, Helvetica, Verdana, sans-serif;\"><span style=\"box-sizing: inherit; font-weight: bold;\">14. Prawa u\u017cytkownik\u00f3w<\/span><\/p><p style=\"box-sizing: inherit; font-size: 15px; font-style: normal; font-weight: 400; margin-right: auto; margin-left: auto; max-width: 1920px; color: #3a3a3a; font-family: Arial, Helvetica, Verdana, sans-serif;\">Ka\u017cdy u\u017cytkownik ma prawo do:<\/p><ul style=\"font-size: 15px; font-style: normal; font-weight: 400; margin-right: auto; margin-left: auto; max-width: 1920px; color: #3a3a3a; font-family: Arial, Helvetica, Verdana, sans-serif;\"><li style=\"box-sizing: inherit; font-size: 15px;\">dost\u0119pu do swoich danych,<\/li><li style=\"box-sizing: inherit; font-size: 15px;\">sprostowania lub usuni\u0119cia,<\/li><li style=\"box-sizing: inherit; font-size: 15px;\">ograniczenia przetwarzania,<\/li><li style=\"box-sizing: inherit; font-size: 15px;\">przenoszenia danych,<\/li><li style=\"box-sizing: inherit; font-size: 15px;\">cofni\u0119cia zgody,<\/li><li style=\"box-sizing: inherit; font-size: 15px;\">wniesienia sprzeciwu wobec przetwarzania,<\/li><li style=\"box-sizing: inherit; font-size: 15px;\">wniesienia skargi do Prezesa UODO.<\/li><\/ul><p style=\"box-sizing: inherit; font-size: 15px; font-style: normal; font-weight: 400; margin-right: auto; margin-left: auto; max-width: 1920px; color: #3a3a3a; font-family: Arial, Helvetica, Verdana, sans-serif;\">Kontakt w sprawach danych:\u00a0<a style=\"box-sizing: inherit; text-decoration-line: none; color: #242524; transition-property: all;\" href=\"mailto:efigureczki@gmail.com\"><span style=\"box-sizing: inherit; font-weight: bold;\">skupfigurek@gmail.com<\/span><\/a>.<\/p><hr style=\"box-sizing: content-box; border-style: solid none none; font-size: 15px; font-style: normal; font-weight: 400; height: 0px; max-width: 100px; font-family: Arial, Helvetica, Verdana, sans-serif; border-width: 2px initial initial initial;\" \/><p style=\"box-sizing: inherit; font-size: 15px; font-style: normal; font-weight: 400; margin-right: auto; margin-left: auto; max-width: 1920px; color: #3a3a3a; font-family: Arial, Helvetica, Verdana, sans-serif;\"><span style=\"box-sizing: inherit; font-weight: bold;\">15. Zabezpieczenia danych<\/span><\/p><p style=\"box-sizing: inherit; font-size: 15px; font-style: normal; font-weight: 400; margin-right: auto; margin-left: auto; max-width: 1920px; color: #3a3a3a; font-family: Arial, Helvetica, Verdana, sans-serif;\">Administrator stosuje zabezpieczenia techniczne i organizacyjne (szyfrowanie SSL, zabezpieczenia serwera, kopie zapasowe).<br style=\"box-sizing: inherit;\" \/>W przypadku naruszenia ochrony danych, Administrator powiadomi osoby, kt\u00f3rych dane dotycz\u0105, zgodnie z art. 33\u201334 RODO.<\/p><hr style=\"box-sizing: content-box; border-style: solid none none; font-size: 15px; font-style: normal; font-weight: 400; height: 0px; max-width: 100px; font-family: Arial, Helvetica, Verdana, sans-serif; border-width: 2px initial initial initial;\" \/><p style=\"box-sizing: inherit; font-size: 15px; font-style: normal; font-weight: 400; margin-right: auto; margin-left: auto; max-width: 1920px; color: #3a3a3a; font-family: Arial, Helvetica, Verdana, sans-serif;\"><span style=\"box-sizing: inherit; font-weight: bold;\">16. Postanowienia ko\u0144cowe<\/span><\/p><p style=\"box-sizing: inherit; font-size: 15px; font-style: normal; font-weight: 400; margin-right: auto; margin-left: auto; max-width: 1920px; color: #3a3a3a; font-family: Arial, Helvetica, Verdana, sans-serif;\">Oczekujemy od Pa\u0144stwa udost\u0119pnienia danych osobowych, bez kt\u00f3rych nie b\u0119dzie mo\u017cliwe podpisanie i wykonanie umowy, a tak\u017ce zabezpieczenie s\u0142usznych interes\u00f3w Administratora \u2013 zw\u0142aszcza w zakresie ksi\u0119gowo\u015bci, zobowi\u0105za\u0144 podatkowych oraz zarz\u0105dzania, windykacji i ochrony przed ewentualnymi sporami dotycz\u0105cymi umowy. Bez tych kluczowych danych zam\u00f3wienie nie zostanie zrealizowane. W pozosta\u0142ym zakresie przekazanie danych jest w pe\u0142ni opcjonalne. Polityka mo\u017ce by\u0107 aktualizowana w przypadku zmian prawnych lub technicznych.<br style=\"box-sizing: inherit;\" \/>Aktualna wersja jest publikowana na stronie\u00a0<a style=\"box-sizing: inherit; text-decoration-line: none; color: #242524; transition-property: all;\" href=\"https:\/\/efigurki.pl\/polityka-prywatnosci\/\" target=\"_blank\" rel=\"noreferrer noopener\">https:\/\/skupfigurek.pl\/index.php\/sprzedam-figurki-wladca-pierscieni\/<\/a><\/p><p>W razie w\u0105tpliwo\u015bci do kt\u00f3regokolwiek z zapis\u00f3w niniejszej polityki prywatno\u015bci jeste\u015bmy do dyspozycji &#8211; nasze dane znale\u017a\u0107 mo\u017cna w zak\u0142adce &#8211; <a href=\"https:\/\/skupfigurek.pl\/index.php\/skupfigurek-pl-skupfigurek-skupfigurek-pl-skupmodeli\/\">KONTAKT.<\/a><\/p>\t\t\t\t\t\t\t\t<\/div>\n\t\t\t\t<\/div>\n\t\t\t\t\t<\/div>\n\t\t<\/div>\n\t\t\t\t\t<\/div>\n\t\t<\/section>\n\t\t\t\t<\/div>\n\t\t","protected":false},"excerpt":{"rendered":"<p>Polityka Prywtno\u015bci Polityka prywatno\u015bci serwisu www.skupfigurek.pl Niniejsza Polityka Prywatno\u015bci okre\u015bla zasady przetwarzania i ochrony danych osobowych przekazanych przez U\u017cytkownik\u00f3w w zwi\u0105zku z korzystaniem przez nich z us\u0142ug skupu figurek i akcesori\u00f3w modelarskich poprzez serwis internetowy. 2. Administratorem danych osobowych zawartych w serwisie jest Firma \u201eKreatorium\u201d z siedzib\u0105 w Warszawie, nip: 521 412 14 07. W [&hellip;]<\/p>\n","protected":false},"author":1,"featured_media":0,"parent":0,"menu_order":0,"comment_status":"closed","ping_status":"open","template":"","meta":{"site-sidebar-layout":"default","site-content-layout":"default","ast-site-content-layout":"default","site-content-style":"default","site-sidebar-style":"default","ast-global-header-display":"","ast-banner-title-visibility":"","ast-main-header-display":"","ast-hfb-above-header-display":"","ast-hfb-below-header-display":"","ast-hfb-mobile-header-display":"","site-post-title":"disabled","ast-breadcrumbs-content":"","ast-featured-img":"","footer-sml-layout":"","ast-disable-related-posts":"","theme-transparent-header-meta":"default","adv-header-id-meta":"","stick-header-meta":"default","header-above-stick-meta":"","header-main-stick-meta":"","header-below-stick-meta":"","astra-migrate-meta-layouts":"default","ast-page-background-enabled":"default","ast-page-background-meta":{"desktop":{"background-color":"var(--ast-global-color-4)","background-image":"","background-repeat":"repeat","background-position":"center center","background-size":"auto","background-attachment":"scroll","background-type":"","background-media":"","overlay-type":"","overlay-color":"","overlay-opacity":"","overlay-gradient":""},"tablet":{"background-color":"","background-image":"","background-repeat":"repeat","background-position":"center center","background-size":"auto","background-attachment":"scroll","background-type":"","background-media":"","overlay-type":"","overlay-color":"","overlay-opacity":"","overlay-gradient":""},"mobile":{"background-color":"","background-image":"","background-repeat":"repeat","background-position":"center center","background-size":"auto","background-attachment":"scroll","background-type":"","background-media":"","overlay-type":"","overlay-color":"","overlay-opacity":"","overlay-gradient":""}},"ast-content-background-meta":{"desktop":{"background-color":"var(--ast-global-color-5)","background-image":"","background-repeat":"repeat","background-position":"center center","background-size":"auto","background-attachment":"scroll","background-type":"","background-media":"","overlay-type":"","overlay-color":"","overlay-opacity":"","overlay-gradient":""},"tablet":{"background-color":"var(--ast-global-color-5)","background-image":"","background-repeat":"repeat","background-position":"center center","background-size":"auto","background-attachment":"scroll","background-type":"","background-media":"","overlay-type":"","overlay-color":"","overlay-opacity":"","overlay-gradient":""},"mobile":{"background-color":"var(--ast-global-color-5)","background-image":"","background-repeat":"repeat","background-position":"center center","background-size":"auto","background-attachment":"scroll","background-type":"","background-media":"","overlay-type":"","overlay-color":"","overlay-opacity":"","overlay-gradient":""}},"footnotes":""},"class_list":["post-3","page","type-page","status-publish","hentry"],"yoast_head":"<!-- This site is optimized with the Yoast SEO plugin v27.2 - https:\/\/yoast.com\/product\/yoast-seo-wordpress\/ -->\n<title>Kupimy figurki, akcesria modelarskie oraz makiety do gier bitewnych!<\/title>\n<meta name=\"description\" content=\"Figurki si\u0119 kurz\u0105? Przyjad\u0119 i ch\u0119tnie odkupi\u0119 je za got\u00f3wk\u0119! Wycena jest darmowa i od r\u0119ki zar\u00f3wno osobi\u015bcie jak i mailowo\" \/>\n<meta name=\"robots\" content=\"index, follow, max-snippet:-1, max-image-preview:large, max-video-preview:-1\" \/>\n<link rel=\"canonical\" href=\"https:\/\/skupfigurek.pl\/index.php\/sprzedam-figurki-wladca-pierscieni\/\" \/>\n<meta property=\"og:locale\" content=\"pl_PL\" \/>\n<meta property=\"og:type\" content=\"article\" \/>\n<meta property=\"og:title\" content=\"Kupimy figurki, akcesria modelarskie oraz makiety do gier bitewnych!\" \/>\n<meta property=\"og:description\" content=\"Figurki si\u0119 kurz\u0105? Przyjad\u0119 i ch\u0119tnie odkupi\u0119 je za got\u00f3wk\u0119! Wycena jest darmowa i od r\u0119ki zar\u00f3wno osobi\u015bcie jak i mailowo\" \/>\n<meta property=\"og:url\" content=\"https:\/\/skupfigurek.pl\/index.php\/sprzedam-figurki-wladca-pierscieni\/\" \/>\n<meta property=\"og:site_name\" content=\"Skup figurek\" \/>\n<meta property=\"article:modified_time\" content=\"2026-03-27T14:27:38+00:00\" \/>\n<meta name=\"twitter:card\" content=\"summary_large_image\" \/>\n<meta name=\"twitter:label1\" content=\"Szacowany czas czytania\" \/>\n\t<meta name=\"twitter:data1\" content=\"4 minuty\" \/>\n<script type=\"application\/ld+json\" class=\"yoast-schema-graph\">{\"@context\":\"https:\/\/schema.org\",\"@graph\":[{\"@type\":\"WebPage\",\"@id\":\"https:\/\/skupfigurek.pl\/index.php\/sprzedam-figurki-wladca-pierscieni\/\",\"url\":\"https:\/\/skupfigurek.pl\/index.php\/sprzedam-figurki-wladca-pierscieni\/\",\"name\":\"Kupimy figurki, akcesria modelarskie oraz makiety do gier bitewnych!\",\"isPartOf\":{\"@id\":\"https:\/\/skupfigurek.pl\/#website\"},\"datePublished\":\"2020-08-19T20:26:22+00:00\",\"dateModified\":\"2026-03-27T14:27:38+00:00\",\"description\":\"Figurki si\u0119 kurz\u0105? Przyjad\u0119 i ch\u0119tnie odkupi\u0119 je za got\u00f3wk\u0119! Wycena jest darmowa i od r\u0119ki zar\u00f3wno osobi\u015bcie jak i mailowo\",\"breadcrumb\":{\"@id\":\"https:\/\/skupfigurek.pl\/index.php\/sprzedam-figurki-wladca-pierscieni\/#breadcrumb\"},\"inLanguage\":\"pl-PL\",\"potentialAction\":[{\"@type\":\"ReadAction\",\"target\":[\"https:\/\/skupfigurek.pl\/index.php\/sprzedam-figurki-wladca-pierscieni\/\"]}]},{\"@type\":\"BreadcrumbList\",\"@id\":\"https:\/\/skupfigurek.pl\/index.php\/sprzedam-figurki-wladca-pierscieni\/#breadcrumb\",\"itemListElement\":[{\"@type\":\"ListItem\",\"position\":1,\"name\":\"Strona g\u0142\u00f3wna\",\"item\":\"https:\/\/skupfigurek.pl\/\"},{\"@type\":\"ListItem\",\"position\":2,\"name\":\"Polityka prywatno\u015bci\"}]},{\"@type\":\"WebSite\",\"@id\":\"https:\/\/skupfigurek.pl\/#website\",\"url\":\"https:\/\/skupfigurek.pl\/\",\"name\":\"Skup figurek\",\"description\":\"warhammer, lotr, infinity, makiety oraz wszelkie akcesoria hobbystyczne i modelarskie\",\"publisher\":{\"@id\":\"https:\/\/skupfigurek.pl\/#organization\"},\"potentialAction\":[{\"@type\":\"SearchAction\",\"target\":{\"@type\":\"EntryPoint\",\"urlTemplate\":\"https:\/\/skupfigurek.pl\/?s={search_term_string}\"},\"query-input\":{\"@type\":\"PropertyValueSpecification\",\"valueRequired\":true,\"valueName\":\"search_term_string\"}}],\"inLanguage\":\"pl-PL\"},{\"@type\":\"Organization\",\"@id\":\"https:\/\/skupfigurek.pl\/#organization\",\"name\":\"Skup figurek\",\"url\":\"https:\/\/skupfigurek.pl\/\",\"logo\":{\"@type\":\"ImageObject\",\"inLanguage\":\"pl-PL\",\"@id\":\"https:\/\/skupfigurek.pl\/#\/schema\/logo\/image\/\",\"url\":\"https:\/\/skupfigurek.pl\/wp-content\/uploads\/2020\/08\/logo-skup-mini.jpg\",\"contentUrl\":\"https:\/\/skupfigurek.pl\/wp-content\/uploads\/2020\/08\/logo-skup-mini.jpg\",\"width\":1000,\"height\":309,\"caption\":\"Skup figurek\"},\"image\":{\"@id\":\"https:\/\/skupfigurek.pl\/#\/schema\/logo\/image\/\"}}]}<\/script>\n<!-- \/ Yoast SEO plugin. -->","yoast_head_json":{"title":"Kupimy figurki, akcesria modelarskie oraz makiety do gier bitewnych!","description":"Figurki si\u0119 kurz\u0105? Przyjad\u0119 i ch\u0119tnie odkupi\u0119 je za got\u00f3wk\u0119! Wycena jest darmowa i od r\u0119ki zar\u00f3wno osobi\u015bcie jak i mailowo","robots":{"index":"index","follow":"follow","max-snippet":"max-snippet:-1","max-image-preview":"max-image-preview:large","max-video-preview":"max-video-preview:-1"},"canonical":"https:\/\/skupfigurek.pl\/index.php\/sprzedam-figurki-wladca-pierscieni\/","og_locale":"pl_PL","og_type":"article","og_title":"Kupimy figurki, akcesria modelarskie oraz makiety do gier bitewnych!","og_description":"Figurki si\u0119 kurz\u0105? Przyjad\u0119 i ch\u0119tnie odkupi\u0119 je za got\u00f3wk\u0119! Wycena jest darmowa i od r\u0119ki zar\u00f3wno osobi\u015bcie jak i mailowo","og_url":"https:\/\/skupfigurek.pl\/index.php\/sprzedam-figurki-wladca-pierscieni\/","og_site_name":"Skup figurek","article_modified_time":"2026-03-27T14:27:38+00:00","twitter_card":"summary_large_image","twitter_misc":{"Szacowany czas czytania":"4 minuty"},"schema":{"@context":"https:\/\/schema.org","@graph":[{"@type":"WebPage","@id":"https:\/\/skupfigurek.pl\/index.php\/sprzedam-figurki-wladca-pierscieni\/","url":"https:\/\/skupfigurek.pl\/index.php\/sprzedam-figurki-wladca-pierscieni\/","name":"Kupimy figurki, akcesria modelarskie oraz makiety do gier bitewnych!","isPartOf":{"@id":"https:\/\/skupfigurek.pl\/#website"},"datePublished":"2020-08-19T20:26:22+00:00","dateModified":"2026-03-27T14:27:38+00:00","description":"Figurki si\u0119 kurz\u0105? Przyjad\u0119 i ch\u0119tnie odkupi\u0119 je za got\u00f3wk\u0119! Wycena jest darmowa i od r\u0119ki zar\u00f3wno osobi\u015bcie jak i mailowo","breadcrumb":{"@id":"https:\/\/skupfigurek.pl\/index.php\/sprzedam-figurki-wladca-pierscieni\/#breadcrumb"},"inLanguage":"pl-PL","potentialAction":[{"@type":"ReadAction","target":["https:\/\/skupfigurek.pl\/index.php\/sprzedam-figurki-wladca-pierscieni\/"]}]},{"@type":"BreadcrumbList","@id":"https:\/\/skupfigurek.pl\/index.php\/sprzedam-figurki-wladca-pierscieni\/#breadcrumb","itemListElement":[{"@type":"ListItem","position":1,"name":"Strona g\u0142\u00f3wna","item":"https:\/\/skupfigurek.pl\/"},{"@type":"ListItem","position":2,"name":"Polityka prywatno\u015bci"}]},{"@type":"WebSite","@id":"https:\/\/skupfigurek.pl\/#website","url":"https:\/\/skupfigurek.pl\/","name":"Skup figurek","description":"warhammer, lotr, infinity, makiety oraz wszelkie akcesoria hobbystyczne i modelarskie","publisher":{"@id":"https:\/\/skupfigurek.pl\/#organization"},"potentialAction":[{"@type":"SearchAction","target":{"@type":"EntryPoint","urlTemplate":"https:\/\/skupfigurek.pl\/?s={search_term_string}"},"query-input":{"@type":"PropertyValueSpecification","valueRequired":true,"valueName":"search_term_string"}}],"inLanguage":"pl-PL"},{"@type":"Organization","@id":"https:\/\/skupfigurek.pl\/#organization","name":"Skup figurek","url":"https:\/\/skupfigurek.pl\/","logo":{"@type":"ImageObject","inLanguage":"pl-PL","@id":"https:\/\/skupfigurek.pl\/#\/schema\/logo\/image\/","url":"https:\/\/skupfigurek.pl\/wp-content\/uploads\/2020\/08\/logo-skup-mini.jpg","contentUrl":"https:\/\/skupfigurek.pl\/wp-content\/uploads\/2020\/08\/logo-skup-mini.jpg","width":1000,"height":309,"caption":"Skup figurek"},"image":{"@id":"https:\/\/skupfigurek.pl\/#\/schema\/logo\/image\/"}}]}},"_links":{"self":[{"href":"https:\/\/skupfigurek.pl\/index.php\/wp-json\/wp\/v2\/pages\/3","targetHints":{"allow":["GET"]}}],"collection":[{"href":"https:\/\/skupfigurek.pl\/index.php\/wp-json\/wp\/v2\/pages"}],"about":[{"href":"https:\/\/skupfigurek.pl\/index.php\/wp-json\/wp\/v2\/types\/page"}],"author":[{"embeddable":true,"href":"https:\/\/skupfigurek.pl\/index.php\/wp-json\/wp\/v2\/users\/1"}],"replies":[{"embeddable":true,"href":"https:\/\/skupfigurek.pl\/index.php\/wp-json\/wp\/v2\/comments?post=3"}],"version-history":[{"count":18,"href":"https:\/\/skupfigurek.pl\/index.php\/wp-json\/wp\/v2\/pages\/3\/revisions"}],"predecessor-version":[{"id":1810,"href":"https:\/\/skupfigurek.pl\/index.php\/wp-json\/wp\/v2\/pages\/3\/revisions\/1810"}],"wp:attachment":[{"href":"https:\/\/skupfigurek.pl\/index.php\/wp-json\/wp\/v2\/media?parent=3"}],"curies":[{"name":"wp","href":"https:\/\/api.w.org\/{rel}","templated":true}]}}